, 3, 2791
List the prime factors of 28190.
2, 5, 2819
List the prime factors of 6672256.
2, 52127
What are the prime factors of 65567?
173, 379
What are the prime factors of 1599781?
19, 84199
List the prime factors of 608252.
2, 152063
List the prime factors of 117641.
47, 2503
List the prime factors of 2042573.
13, 47, 3343
List the prime factors of 106622.
2, 89, 599
What are the prime factors of 200146?
2, 19, 23, 229
What are the prime factors of 1758397?
1758397
What are the prime factors of 299126?
2, 149563
What are the prime factors of 70673?
29, 2437
List the prime factors of 1423720.
2, 5, 35593
What are the prime factors of 286998?
2, 3, 31, 1543
What are the prime factors of 1074946?
2, 53, 10141
What are the prime factors of 3295887?
3, 7, 3203
What are the prime factors of 267165?
3, 5, 1979
List the prime factors of 7144515.
3, 5, 7, 37, 613
What are the prime factors of 28041667?
109, 257263
List the prime factors of 197865.
3, 5, 4397
What are the prime factors of 400433?
11, 59, 617
What are the prime factors of 642894?
2, 3, 7, 15307
List the prime factors of 137421.
3, 15269
What are the prime factors of 2008385?
5, 41, 97, 101
List the prime factors of 1344756.
2, 3, 7, 2287
List the prime factors of 5575201.
17, 327953
List the prime factors of 19181612.
2, 43, 111521
List the prime factors of 30322.
2, 15161
List the prime factors of 1819763.
11, 19, 8707
List the prime factors of 405910.
2, 5, 40591
List the prime factors of 92648.
2, 37, 313
List the prime factors of 56749.
7, 11, 67
List the prime factors of 588894.
2, 3, 61, 1609
What are the prime factors of 344074?
2, 89, 1933
List the prime factors of 504486.
2, 3, 28027
List the prime factors of 150557.
11, 13687
What are the prime factors of 6524506?
2, 37, 88169
List the prime factors of 3531278.
2, 1765639
What are the prime factors of 28238431?
13, 29, 74903
List the prime factors of 590572.
2, 191, 773
List the prime factors of 41178.
2, 3, 6863
What are the prime factors of 570232?
2, 13, 5483
What are the prime factors of 13517636?
2, 11, 2539
What are the prime factors of 2068276?
2, 7, 73867
What are the prime factors of 584170?
2, 5, 58417
What are the prime factors of 132346?
2, 66173
List the prime factors of 6056928.
2, 3, 21031
List the prime factors of 1294722.
2, 3, 11, 13, 503
What are the prime factors of 24762746?
2, 12381373
What are the prime factors of 243426?
2, 3, 29, 1399
List the prime factors of 51327.
3, 1901
What are the prime factors of 418196?
2, 104549
List the prime factors of 17995947.
3, 251, 23899
List the prime factors of 2805925.
5, 112237
What are the prime factors of 1500744?
2, 3, 7, 8933
List the prime factors of 3588917.
3588917
What are the prime factors of 315248?
2, 17, 19, 61
List the prime factors of 4342479.
3, 223, 6491
What are the prime factors of 734755?
5, 7, 2999
What are the prime factors of 2977037?
7, 425291
List the prime factors of 6398588.
2, 7, 228521
List the prime factors of 330876.
2, 3, 7, 13, 101
List the prime factors of 1639127.
7, 234161
List the prime factors of 8883234.
2, 3, 79, 6247
What are the prime factors of 400807?
11, 83, 439
List the prime factors of 89039.
269, 331
What are the prime factors of 89838?
2, 3, 7, 23, 31
What are the prime factors of 339309?
3, 59, 71
What are the prime factors of 87963?
3, 109, 269
What are the prime factors of 4087591?
191, 21401
List the prime factors of 1053911.
19, 55469
What are the prime factors of 2064792?
2, 3, 227, 379
List the prime factors of 3579338.
2, 7, 255667
List the prime factors of 1289402.
2, 644701
List the prime factors of 228747.
3, 76249
What are the prime factors of 4967773?
4967773
What are the prime factors of 975950?
2, 5, 131, 149
List the prime factors of 1196570.
2, 5, 119657
List the prime factors of 320785.
5, 64157
List the prime factors of 38888.
2, 4861
What are the prime factors of 509268?
2, 3, 31, 37
List the prime factors of 41107.
11, 37, 101
What are the prime factors of 299441?
37, 8093
List the prime factors of 194294.
2, 19, 5113
List the prime factors of 470226.
2, 3, 109, 719
List the prime factors of 78081.
3, 17, 1531
What are the prime factors of 574783?
11, 52253
List the prime factors of 6339262.
2, 919, 3449
List the prime factors of 4431384.
2, 3, 61547
List the prime factors of 308751.
3, 97, 1061
List the prime factors of 130080.
2, 3, 5, 271
What are the prime factors of 274964?
2, 53, 1297
List the prime factors of 21324.
2, 3, 1777
What are the prime factors of 3376646?
2, 7, 13, 18553
List the prime factors of 105448.
2, 7, 269
List the prime factors of 1754107.
677, 2591
What are the prime factors of 1527444?
2, 3, 14143
What are the prime factors of 2720341?
13, 209257
What are the prime factors of 8622614?
2, 7, 11, 13, 59, 73
What are the prime factors of 681246?
2, 3, 37847
What are the prime factors of 303554?
2, 23, 6599
List the prime factors of 1254464.
2, 17, 1153
List the prime factors of 10753904.
2, 7, 96017
List the prime factors of 2490198.
2, 3, 181, 2293
What are the prime factors of 12351904?
2, 385997
What are the prime factors of 12127?
67, 181
List the prime factors of 4431276.
2, 3, 123091
List the prime factors of 26669156.
2, 37, 367, 491
List the prime factors of 2099497.
2099497
List the prime factors of 1657294.
2, 19, 43613
List the prime factors of 795163.
647, 1229
List the prime factors of 36893455.
5, 7378691
What are the prime factors of 126345?
3, 5, 8423
List the prime factors of 73982.
2, 71, 521
List the prime factors of 8619512.
2, 11, 41, 2389
What are the prime factors of 3954523?
17, 37, 6287
List the prime factors of 23326773.
3, 2591, 3001
List the prime factors of 4981647.
3, 11, 150959
What are the prime factors of 422489?
271, 1559
List the prime factors of 9429319.
61, 154579
List the prime factors of 348517.
13, 17, 19, 83
List the prime factors of 4110339.
3, 1370113
List the prime factors of 53599.
7, 13, 19, 31
List the prime factors of 976003.
7, 139429
List the prime factors of 231563.
231563
List the prime factors of 6043436.
2, 7, 101, 2137
List the prime factors of 5156906.
2, 2578453
List the prime factors of 26978893.
47, 103, 5573
List the prime factors of 16285305.
3, 5, 1085687
List the prime factors of 332660.
2, 5, 16633
What are the prime factors of 88612?
2, 22153
List the prime factors of 452722.
2, 41, 5521
List the prime factors of 2109093.
3, 7, 67, 1499
What are the prime factors of 806250?
2, 3, 5, 43
List the prime factors of 2938242.
2, 3, 31, 15797
What are the prime factors of 121283?
121283
What are the prime factors of 2688705?
3, 5, 149, 401
List the prime factors of 1619146.
2, 631, 1283
What are the prime factors of 488669?
107, 4567
What are the prime factors of 203150?
2, 5, 17, 239
List the prime factors of 483039.
3, 191, 281
List the prime factors of 13221697.
13221697
What are the prime factors of 9666761?
13, 17, 31, 83
What are the prime factors of 547219?
19, 83, 347
List the prime factors of 2655289.
7, 13, 29179
What are the prime factors of 180782?
2, 7, 37, 349
What are the prime factors of 343802?
2, 397, 433
List the prime factors of 337348.
2, 11, 17, 41
What are the prime factors of 7983315?
3, 5, 41, 4327
What are the prime factors of 128886?
2, 3, 21481
What are the prime factors of 2601972?
2, 3, 72277
List the prime factors of 3512096.
2, 7, 15679
What are the prime factors of 68770?
2, 5, 13, 23
What are the prime factors of 120814?
2, 29, 2083
List the prime factors of 146312.
2, 18289
What are the prime factors of 6177214?
2, 3088607
List the prime factors of 3996374.
2, 29, 68903
What are the prime factors of 3966385?
5, 349, 2273
List the prime factors of 1323.
3, 7
What are the prime factors of 228045?
3, 5, 23, 661
List the prime factors of 2268353.
19, 277, 431
What are the prime factors of 494126?
2, 107, 2309
List the prime factors of 9938341.
7, 1419763
List the prime factors of 4669086.
2, 3, 331, 2351
What are the prime factors of 5615972?
2, 43, 103, 317
List the prime factors of 590150.
2, 5, 11, 29, 37
List the prime factors of 14640882.
2, 3, 29, 84143
List the prime factors of 71441.
199, 359
List the prime factors of 2855900.
2, 5, 28559
What are the prime factors of 77